{"id":454,"date":"2020-05-31T12:53:49","date_gmt":"2020-05-31T12:53:49","guid":{"rendered":"https:\/\/musicaeconoscenza.it\/newp\/?page_id=454"},"modified":"2020-06-24T12:29:45","modified_gmt":"2020-06-24T12:29:45","slug":"la-musica-allorigine-della-conoscenza-umana","status":"publish","type":"page","link":"https:\/\/musicaeconoscenza.it\/newp\/index.php\/la-musica-allorigine-della-conoscenza-umana\/","title":{"rendered":"La musica all&#8217;origine della  conoscenza umana"},"content":{"rendered":"<div id=\"pl-gb454-69d6767d2d270\"  class=\"panel-layout\" ><div id=\"pg-gb454-69d6767d2d270-0\"  class=\"panel-grid panel-no-style\" ><div id=\"pgc-gb454-69d6767d2d270-0-0\"  class=\"panel-grid-cell\" ><div id=\"panel-gb454-69d6767d2d270-0-0-0\" class=\"so-panel widget widget_text panel-first-child panel-last-child\" data-index=\"0\" ><h3 class=\"widget-title\">Autore: Fabio Uccelli<\/h3>\t\t\t<div class=\"textwidget\"><p>Edizione Tecniconsult \u2013 Firenze &#8211; Giugno 1998<\/p>\n<\/div>\n\t\t<\/div><\/div><\/div><div id=\"pg-gb454-69d6767d2d270-1\"  class=\"panel-grid panel-no-style\" ><div id=\"pgc-gb454-69d6767d2d270-1-0\"  class=\"panel-grid-cell\" ><div id=\"panel-gb454-69d6767d2d270-1-0-0\" class=\"so-panel widget widget_text panel-first-child\" data-index=\"1\" ><h3 class=\"widget-title\">Premessa<\/h3>\t\t\t<div class=\"textwidget\"><p>Quanto esposto in questo libro, che si prefigge di dare una risposta ragionevole agli interrogativi posti dal sorgere e dallo sviluppo della conoscenza nell\u2019uomo, si basa sulle ultime esperienze e acquisizioni scientifiche nei diversi campi che la riguardano; le ipotesi che ne trarremo sono le pi\u00f9 attuali e le pi\u00f9 probabili, e pongono in una nuova e originale luce i problemi della conoscenza.<\/p>\n<p>\u00c8 scientificamente acquisito che la conoscenza umana deriva da una elaborazione sistematica delle emozioni, attraverso un lungo e automatico processo di analisi delle medesime che ha determinato, nel corso della evoluzione della specie vivente, la forma, la natura, la sostanza stessa dei &#8220;sensori cerebrali&#8221; delegati a riceverle. E\u2019 pure noto che le prime &#8220;emozioni&#8221; che raggiungono gli esseri viventi sono trasmesse da mezzi elastici (acqua di mare, liquido amniotico, etc.) e sono di tipo ritmo-sonico (musicale), come ad esempio il battito del cuore materno.<\/p>\n<p>\u00c8 inoltre scientificamente acquisito che l\u2019evoluzione degli esseri viventi ha determinato un progressivo aumento di &#8220;coscienza&#8221;: la coscienza puramente emozionale degli animali preistorici, inizialmente necessaria solo alla sopravvivenza e alla perpetuazione della specie, si \u00e8 implementata man mano che si sviluppava l\u2019encefalo e che si formavano la corteccia e la neocorteccia cerebrali, e si \u00e8 cos\u00ec arricchita delle qualit\u00e0 razionali proprie dell\u2019homo sapiens, che ha raggiunto la &#8220;consapevolezza di s\u00e9&#8221;, la coscienza di essere cosciente di s\u00e9 e delle proprie emozioni: questo fatto ha determinato una progressiva &#8220;psicologizzazione&#8221; delle emozioni medesime consentendo loro di raggiungere la attuale intensit\u00e0, strutturazione e completezza.<\/p>\n<p>Nel libro in oggetto si prende in esame in maniera scientifica il meccanismo di acquisizione delle emozioni e della razionalit\u00e0, dei relativi sistemi di memorizzazione, nonch\u00e9 la qualit\u00e0 propria della mente razionale umana di ricreare artificialmente le emozioni per farne oggetto di comunicazione, di cultura, di arte; si ipotizza inoltre che la qualit\u00e0 strutturante computazionale e algoritmica sia stata man mano acquisita dalla mente umana mediante una estrazione e acquisizione (anche genetica) delle componenti logico-matematico-fisiche contenute nei segnali che hanno provocato le emozioni medesime, ed abbia dotato la mente di una facolt\u00e0 &#8220;razionale&#8221;, divenuta successivamente autonoma, che ha permesso all\u2019uomo le sue precipue attivit\u00e0 filosofico-scientifiche.<\/p>\n<p>L\u2019analisi della conoscenza umana viene poi estesa alla attivit\u00e0 psichica, e viene analizzata sia l\u2019attivit\u00e0 psichica conscia che quella &#8220;non conscia&#8221; (svolta tramite il subconscio) con ipotesi varie sulla loro nascita e collocazione nell\u2019ambito del cervello umano; si riportano anche le ultime ipotesi e teorie scientifiche sulla nascita e collocazione della coscienza, con indicazioni per la loro verifica.<\/p>\n<p>Si analizzano inoltre i caratteri &#8220;computazionali&#8221; e &#8220;non computazionali&#8221; sia della mente umana che della realt\u00e0 esterna (spazio-tempo fisico) riportando numerose esperienze scientifiche, e si pone l\u2019attivit\u00e0 psichica razionale-emozionale umana in stretta correlazione con tali caratteri ricavandone originali deduzioni che ne interpretano le caratteristiche fondamentali.<\/p>\n<p>Si ipotizza inoltre che le emozioni si impiantino nel cervello degli esseri viventi mediante &#8220;granuli emozionali&#8221; (&#8220;archetipi&#8221;), e che essi siano alla base di ogni scambio emozionale e artistico, e che tali archetipi, inizialmente solo ritmo-sonici (praticamente, musica con elementi strutturanti logico-matematico-fisici), possano successivamente &#8220;arricchirsi&#8221; di tutte le componenti e le qualit\u00e0 derivanti dai vari sensi dell\u2019uomo, e soprattutto acquistare successivamente &#8220;valenza psicologica&#8221;: ogni fatto, sia umano che artistico, verrebbe cos\u00ec acquisito dalla nostra psiche tramite sequenze di archetipi &#8220;arricchiti&#8221;, e successivamente rielaborati dalla mente razionale.<\/p>\n<p>Viene poi data una completa tipologia degli archetipi e viene ipotizzata la possibilit\u00e0 di ritrovarli realmente nella mente umana tramite le pi\u00f9 moderne apparecchiature scientifiche (EEG, NMR, etc) mediante una opportuna metodologia ivi esposta.<\/p>\n<p>Viene successivamente riportata una teoria della personalit\u00e0 umana basata sulla dinamica delle acquisizioni archetipiche, caratteristica di ciascun uomo, che spiegherebbe la diversit\u00e0 e le anomalie delle varie personalit\u00e0 esistenti.<\/p>\n<p>Viene inoltre fornita, sempre tramite l\u2019ipotesi archetipica, una chiave di comprensione dei meccanismi su cui si basa la musicoterapia, ipotizzando nei pazienti una &#8220;distorsione&#8221; (acquisita originariamente, o su trauma) degli archetipi di base, con possibilit\u00e0 di loro &#8220;correzione&#8221; mediante sovrapposizione continuata di archetipi ritmo-sonici &#8220;esatti&#8221;, cio\u00e8 &#8220;non distorti&#8221;.<\/p>\n<p>Si analizza infine il fenomeno artistico nelle sue diverse gradazioni, rivelandone il linguaggio strutturale. Completano il libro il rapporto tra Arte e Natura, considerazioni generali sulla possibile sorgente &#8220;esterna&#8221; degli archetipi emozionali, e sulla realt\u00e0 unitaria dell\u2019uomo nel suo rapporto con l\u2019universo cui appartiene.<\/p>\n<p>Nella Appendice, un esempio di analisi archetipico-psicologica di un brano musicale.<\/p>\n<\/div>\n\t\t<\/div><div id=\"panel-gb454-69d6767d2d270-1-0-1\" class=\"so-panel widget widget_text panel-last-child\" data-index=\"2\" ><h3 class=\"widget-title\">Introduzione<\/h3>\t\t\t<div class=\"textwidget\"><p>Si pu\u00f2 dire ormai scientificamente accertato che la ragione umana ha basi neurali che intersecano strettamente quelle che registrano le emozioni: infatti, nel cervello dell&#8217;uomo, si possono notare aree cerebrali evolutivamente pi\u00f9 antiche (formatesi in relazione all&#8217;impatto intuitivo-emozionale con la realt\u00e0) ed aree pi\u00f9 recenti (sviluppatesi in seguito e dovute alle primitive rielaborazioni razionali) che sono compiutamente collegate alle precedenti.<\/p>\n<p>Ci\u00f2 significa che nel corso dei millenni la razionalit\u00e0 umana si \u00e8 sviluppata soltanto successivamente all&#8217;approccio intuitivo-emozionale che i nostri progenitori hanno avuto con l&#8217;ambiente che li circondava. Possiamo dedurne quindi che ogni organizzazione logico-formale della razionalit\u00e0 umana deriva da astrazioni qualitative e quantitative, compiute sul complesso della percezione emozionale, realizzate in tempi pi\u00f9 recenti di quelli in cui venivano percepite, memorizzate e utilizzate solo singole pulsioni, e ci conduce ad affermare senza ombra di dubbio che le basi razionali della conoscenza umana sono nelle emozioni.<\/p>\n<p>Di fatto, dopo il concepimento, l&#8217;essere umano, ripercorrendo sotto la guida genetica l&#8217;intero arco evolutivo, inizia nel grembo materno la formazione delle proprie strutture cerebrali e quindi la acquisizione delle capacit\u00e0 emozionali e razionali; ora, dato che le prime percezioni che riceve (emozioni primarie) sono legate al suono (onde elastiche), mentre solo successivamente alla sua nascita percepir\u00e0 completamente la luce (onde elettromagnetiche), e tale processo \u00e8 sempre stato lo stesso fin dai primordi dell&#8217;umanit\u00e0, non \u00e8 un paradosso affermare che la musica, intesa come ricezione, rielaborazione e organizzazione del mondo sonoro, sta alla origine della razionalit\u00e0 e quindi della conoscenza umana.<\/p>\n<\/div>\n\t\t<\/div><\/div><\/div><div id=\"pg-gb454-69d6767d2d270-2\"  class=\"panel-grid panel-no-style\" ><div id=\"pgc-gb454-69d6767d2d270-2-0\"  class=\"panel-grid-cell\" ><div id=\"panel-gb454-69d6767d2d270-2-0-0\" class=\"so-panel widget widget_sow-button panel-first-child panel-last-child\" data-index=\"3\" ><div\n\t\t\t\n\t\t\tclass=\"so-widget-sow-button so-widget-sow-button-atom-f54c0409268f-454\"\n\t\t\t\n\t\t><div class=\"ow-button-base ow-button-align-center\"\n>\n\t\t\t<a\n\t\t\t\t\thref=\"https:\/\/musicaeconoscenza.it\/newp\/index.php\/la-musica-allorigine-della-conoscenza-umana\/prima-parte\/\"\n\t\t\t\t\tclass=\"sowb-button ow-icon-placement-left ow-button-hover\" \t>\n\t\t<span>\n\t\t\t\n\t\t\tParte 1\u00b0: Il Percipiente\t\t<\/span>\n\t\t\t<\/a>\n\t<\/div>\n<\/div><\/div><\/div><\/div><\/div>\n\n\n<div class=\"wp-block-group is-layout-flow wp-block-group-is-layout-flow\"><div class=\"wp-block-group__inner-container\"><\/div><\/div>\n\n\n\n<p><\/p>\n","protected":false},"excerpt":{"rendered":"<p>Edizione Tecniconsult \u2013 Firenze &#8211; Giugno 1998 Quanto esposto in questo libro, che si prefigge di dare una risposta ragionevole agli interrogativi posti dal sorgere e dallo sviluppo della conoscenza nell\u2019uomo, si basa sulle ultime esperienze e acquisizioni scientifiche nei&hellip;<\/p>\n<div class=\"link-more\"><a href=\"https:\/\/musicaeconoscenza.it\/newp\/index.php\/la-musica-allorigine-della-conoscenza-umana\/#more-454\" class=\"more-link\">Continue reading &#10142; <span class=\"screen-reader-text\">La musica all&#8217;origine della  conoscenza umana<\/span><\/a><\/div>","protected":false},"author":1,"featured_media":0,"parent":0,"menu_order":3,"comment_status":"closed","ping_status":"closed","template":"","meta":{"footnotes":""},"class_list":["post-454","page","type-page","status-publish","hentry"],"_links":{"self":[{"href":"https:\/\/musicaeconoscenza.it\/newp\/index.php\/wp-json\/wp\/v2\/pages\/454","targetHints":{"allow":["GET"]}}],"collection":[{"href":"https:\/\/musicaeconoscenza.it\/newp\/index.php\/wp-json\/wp\/v2\/pages"}],"about":[{"href":"https:\/\/musicaeconoscenza.it\/newp\/index.php\/wp-json\/wp\/v2\/types\/page"}],"author":[{"embeddable":true,"href":"https:\/\/musicaeconoscenza.it\/newp\/index.php\/wp-json\/wp\/v2\/users\/1"}],"replies":[{"embeddable":true,"href":"https:\/\/musicaeconoscenza.it\/newp\/index.php\/wp-json\/wp\/v2\/comments?post=454"}],"version-history":[{"count":17,"href":"https:\/\/musicaeconoscenza.it\/newp\/index.php\/wp-json\/wp\/v2\/pages\/454\/revisions"}],"predecessor-version":[{"id":732,"href":"https:\/\/musicaeconoscenza.it\/newp\/index.php\/wp-json\/wp\/v2\/pages\/454\/revisions\/732"}],"wp:attachment":[{"href":"https:\/\/musicaeconoscenza.it\/newp\/index.php\/wp-json\/wp\/v2\/media?parent=454"}],"curies":[{"name":"wp","href":"https:\/\/api.w.org\/{rel}","templated":true}]}}